{"id":66,"date":"2018-07-04T22:39:26","date_gmt":"2018-07-04T20:39:26","guid":{"rendered":"http:\/\/virus.comam.pl\/?page_id=66"},"modified":"2023-10-29T09:50:19","modified_gmt":"2023-10-29T08:50:19","slug":"montesa-repsol-260","status":"publish","type":"page","link":"https:\/\/montesa-honda.pl\/?page_id=66","title":{"rendered":"Montesa Repsol 301RR"},"content":{"rendered":"<section class=\"wpb-content-wrapper\"><p>[vc_row][vc_column width=&#8221;2\/3&#8243;][vc_single_image image=&#8221;5516&#8243; img_size=&#8221;1024&#215;700&#8243;][\/vc_column][vc_column width=&#8221;1\/3&#8243;][vc_custom_heading text=&#8221;MONTESA REPSOL 301RR 2024&#8243; font_container=&#8221;tag:h2|font_size:45px|text_align:left|color:%23ef561f&#8221; google_fonts=&#8221;font_family:Advent%20Pro%3A100%2C200%2C300%2Cregular%2C500%2C600%2C700|font_style:600%20bold%20regular%3A600%3Anormal&#8221;][vc_column_text]<\/p>\n<h2>To co najlepsze<\/h2>\n<p>[\/vc_column_text][vc_column_text]<\/p>\n<h4>Motocykl jest replik\u0105 motocykla na kt\u00f3rym startuje mistrz \u015bwiata Toni Bou. Posiada on identyczne malowanie, najwy\u017cszej klasy amortyzatory marki Showa kt\u00f3re bij\u0105 na g\u0142ow\u0119 pod wzgl\u0119dem pracy jak i komfortu amortyzatory w konkurencyjnych motocyklach. Motocykle posiada tak\u017ce ko\u0142a wysokiej jako\u015bci cenionej japo\u0144skiej marki DID.<\/h4>\n<p>[\/vc_column_text][vc_separator][vc_column_text]<\/p>\n<h2>Komfort i Moc<\/h2>\n<p>[\/vc_column_text][vc_column_text]<\/p>\n<h4>Montesa Repsol jest motocyklem bez kompromis\u00f3w. U\u017cyte podzespo\u0142y s\u0105 najwy\u017cszej klasy. Sam motocykl posiada wiele dodatk\u00f3w takich jak Karbonowe os\u0142ony wydechu, silnika jak i przednich amortyzator\u00f3w.<\/h4>\n<p>[\/vc_column_text][\/vc_column][\/vc_row][vc_row][vc_column width=&#8221;1\/3&#8243;][vc_custom_heading text=&#8221;Waga&#8221; font_container=&#8221;tag:h2|text_align:center|color:%23ef561f&#8221; google_fonts=&#8221;font_family:Advent%20Pro%3A100%2C200%2C300%2Cregular%2C500%2C600%2C700|font_style:300%20light%20regular%3A300%3Anormal&#8221;][vc_empty_space][vc_custom_heading text=&#8221;73kg&#8221; font_container=&#8221;tag:h2|font_size:45|text_align:center&#8221; google_fonts=&#8221;font_family:Advent%20Pro%3A100%2C200%2C300%2Cregular%2C500%2C600%2C700|font_style:600%20bold%20regular%3A600%3Anormal&#8221;][\/vc_column][vc_column width=&#8221;1\/3&#8243;][vc_custom_heading text=&#8221;Pojemno\u015b\u0107&#8221; font_container=&#8221;tag:h2|text_align:center|color:%23ef561f&#8221; google_fonts=&#8221;font_family:Advent%20Pro%3A100%2C200%2C300%2Cregular%2C500%2C600%2C700|font_style:300%20light%20regular%3A300%3Anormal&#8221;][vc_empty_space][vc_custom_heading text=&#8221;299 cm3&#8243; font_container=&#8221;tag:h2|font_size:45|text_align:center&#8221; google_fonts=&#8221;font_family:Advent%20Pro%3A100%2C200%2C300%2Cregular%2C500%2C600%2C700|font_style:600%20bold%20regular%3A600%3Anormal&#8221;][\/vc_column][vc_column width=&#8221;1\/3&#8243;][vc_single_image image=&#8221;5360&#8243; img_size=&#8221;353&#215;298&#8243;][\/vc_column][\/vc_row][vc_row][vc_column][vc_column_text]<\/p>\n<h1><strong><span style=\"color: #ff0000;\">Zmiany na rok 2024<\/span><\/strong><\/h1>\n<ul>\n<li>\n<h3><strong>Nowa szata graficzna<\/strong><\/h3>\n<\/li>\n<li>\n<h3><strong>Nowe p\u00f3\u0142ki przedniego zawieszenia<\/strong><\/h3>\n<\/li>\n<\/ul>\n<p>[\/vc_column_text][vc_separator][\/vc_column][\/vc_row][vc_row][vc_column width=&#8221;1\/2&#8243;][vc_custom_heading text=&#8221;DANE TECHNICZNE&#8221; font_container=&#8221;tag:h2|text_align:left|color:%23ef561f&#8221; google_fonts=&#8221;font_family:Advent%20Pro%3A100%2C200%2C300%2Cregular%2C500%2C600%2C700|font_style:500%20bold%20regular%3A500%3Anormal&#8221;][vc_raw_html]JTNDdGFibGUlMjBzdHlsZSUzRCUyMmhlaWdodCUzQSUyMDI2OXB4JTNCJTIwd2lkdGglM0ElMjA1NTguMTMzcHglM0IlMjIlMjBib3JkZXIlM0QlMjIwJTIyJTIwY2VsbHNwYWNpbmclM0QlMjIwJTIyJTIwY2VsbHBhZGRpbmclM0QlMjIwJTIyJTNFJTBBJTNDdGJvZHklM0UlMEElM0N0ciUyMHN0eWxlJTNEJTIyYmFja2dyb3VuZC1jb2xvciUzQSUyMCUyM2FiMmUyZSUzQiUyMGhlaWdodCUzQSUyMDI0cHglM0IlMjBib3JkZXItY29sb3IlM0ElMjAlMjNmZmZmZmYlM0IlMjIlM0UlMEElM0N0aCUyMHN0eWxlJTNEJTIyd2lkdGglM0ElMjA4MTcuMTMzcHglM0IlMjBoZWlnaHQlM0ElMjAyNHB4JTNCJTIwYm9yZGVyLWNvbG9yJTNBJTIwJTIzZmZmZmZmJTNCJTIwYmFja2dyb3VuZC1jb2xvciUzQSUyMCUyM2ZmZmZmZiUzQiUyMHRleHQtYWxpZ24lM0ElMjBsZWZ0JTNCJTIyJTIwY29sc3BhbiUzRCUyMjIlMjIlM0UlM0NzdHJvbmclM0UlM0NzcGFuJTIwc3R5bGUlM0QlMjJjb2xvciUzQSUyMCUyMzAwMDAwMCUzQiUyMiUzRSUzQ3NwYW4lMjBzdHlsZSUzRCUyMmZvbnQtc2l6ZSUzQSUyMDE0cHQlM0IlMjIlM0VTSUxOSUslM0MlMkZzcGFuJTNFJTIwJTNDJTJGc3BhbiUzRSUzQyUyRnN0cm9uZyUzRSUzQyUyRnRoJTNFJTBBJTNDJTJGdHIlM0UlMEElM0N0ciUyMHN0eWxlJTNEJTIyaGVpZ2h0JTNBJTIwMjRweCUzQiUyMiUzRSUwQSUzQ3RkJTIwc3R5bGUlM0QlMjJ3aWR0aCUzQSUyMDM3OHB4JTNCJTIwaGVpZ2h0JTNBJTIwMjRweCUzQiUyMGJvcmRlci1jb2xvciUzQSUyMCUyM2ZmZmZmZiUzQiUyMHBhZGRpbmctbGVmdCUzQSUyMDMwcHglM0IlMjIlM0UlM0NzcGFuJTIwc3R5bGUlM0QlMjJjb2xvciUzQSUyMCUyMzAwMDAwMCUzQiUyMiUzRSVDNSU5QXJlZG5pY2ElMjB4JTIwc2tvayUyMHQlQzUlODJva2ElM0ElM0MlMkZzcGFuJTNFJTNDJTJGdGQlM0UlMEElM0N0ZCUyMHN0eWxlJTNEJTIyd2lkdGglM0ElMjA0MzkuMTMzcHglM0IlMjBoZWlnaHQlM0ElMjAyNHB4JTNCJTIwYm9yZGVyLWNvbG9yJTNBJTIwJTIzZmZmZmZmJTNCJTIyJTNFJTNDc3BhbiUyMHN0eWxlJTNEJTIyY29sb3IlM0ElMjAlMjMwMDAwMDAlM0IlMjIlM0U4MiUyMCVDMyU5NyUyMDU3LjIlMjBtbSUzQyUyRnNwYW4lM0UlM0MlMkZ0ZCUzRSUwQSUzQyUyRnRyJTNFJTBBJTNDdHIlMjBzdHlsZSUzRCUyMmJhY2tncm91bmQtY29sb3IlM0ElMjAlMjNlYWVhZWElM0IlMjBoZWlnaHQlM0ElMjAyNHB4JTNCJTIyJTNFJTBBJTNDdGQlMjBzdHlsZSUzRCUyMndpZHRoJTNBJTIwMzc4cHglM0IlMjBoZWlnaHQlM0ElMjAyNHB4JTNCJTIwYm9yZGVyLWNvbG9yJTNBJTIwJTIzZmZmZmZmJTNCJTIwcGFkZGluZy1sZWZ0JTNBJTIwMzBweCUzQiUyMiUzRSUzQ3NwYW4lMjBzdHlsZSUzRCUyMmNvbG9yJTNBJTIwJTIzMDAwMDAwJTNCJTIyJTNFWmFzaWxhbmllJTNDJTJGc3BhbiUzRSUzQyUyRnRkJTNFJTBBJTNDdGQlMjBzdHlsZSUzRCUyMndpZHRoJTNBJTIwNDM5LjEzM3B4JTNCJTIwaGVpZ2h0JTNBJTIwMjRweCUzQiUyMGJvcmRlci1jb2xvciUzQSUyMCUyM2ZmZmZmZiUzQiUyMiUzRSUzQ3NwYW4lMjBzdHlsZSUzRCUyMmNvbG9yJTNBJTIwJTIzMDAwMDAwJTNCJTIyJTNFRWxla3Ryb25pY3pueSUyMHd0cnlzayUyMFBhbGl3YSUyMFBHTS1GSSUzQyUyRnNwYW4lM0UlM0MlMkZ0ZCUzRSUwQSUzQyUyRnRyJTNFJTBBJTNDdHIlMjBzdHlsZSUzRCUyMmhlaWdodCUzQSUyMDI0Ljk1cHglM0IlMjIlM0UlMEElM0N0ZCUyMHN0eWxlJTNEJTIyd2lkdGglM0ElMjAzNzhweCUzQiUyMGhlaWdodCUzQSUyMDI0Ljk1cHglM0IlMjBib3JkZXItY29sb3IlM0ElMjAlMjNmZmZmZmYlM0IlMjBwYWRkaW5nLWxlZnQlM0ElMjAzMHB4JTNCJTIyJTNFJTNDc3BhbiUyMHN0eWxlJTNEJTIyY29sb3IlM0ElMjAlMjMwMDAwMDAlM0IlMjIlM0UlMjBLb21wcmVzamElM0MlMkZzcGFuJTNFJTNDJTJGdGQlM0UlMEElM0N0ZCUyMHN0eWxlJTNEJTIyd2lkdGglM0ElMjA0MzkuMTMzcHglM0IlMjBoZWlnaHQlM0ElMjAyNC45NXB4JTNCJTIwYm9yZGVyLWNvbG9yJTNBJTIwJTIzZmZmZmZmJTNCJTIyJTNFJTNDc3BhbiUyMHN0eWxlJTNEJTIyY29sb3IlM0ElMjAlMjMwMDAwMDAlM0IlMjIlM0UlMjAxMCUyQzUlMjAlM0ElMjAxJTNDJTJGc3BhbiUzRSUzQyUyRnRkJTNFJTBBJTNDJTJGdHIlM0UlMEElM0N0ciUyMHN0eWxlJTNEJTIyaGVpZ2h0JTNBJTIwMjRweCUzQiUyMGJhY2tncm91bmQtY29sb3IlM0ElMjAlMjNlYWVhZWElM0IlMjIlM0UlMEElM0N0ZCUyMHN0eWxlJTNEJTIyd2lkdGglM0ElMjAzNzhweCUzQiUyMGhlaWdodCUzQSUyMDI0cHglM0IlMjBib3JkZXItY29sb3IlM0ElMjAlMjNmZmZmZmYlM0IlMjBwYWRkaW5nLWxlZnQlM0ElMjAzMHB4JTNCJTIyJTNFJTNDc3BhbiUyMHN0eWxlJTNEJTIyY29sb3IlM0ElMjAlMjMwMDAwMDAlM0IlMjIlM0UlMjBQb2plbW5vJUM1JTlCJUM0JTg3JTNDJTJGc3BhbiUzRSUzQyUyRnRkJTNFJTBBJTNDdGQlMjBzdHlsZSUzRCUyMndpZHRoJTNBJTIwNDM5LjEzM3B4JTNCJTIwaGVpZ2h0JTNBJTIwMjRweCUzQiUyMGJvcmRlci1jb2xvciUzQSUyMCUyM2ZmZmZmZiUzQiUyMiUzRSUzQ3NwYW4lMjBzdHlsZSUzRCUyMmNvbG9yJTNBJTIwJTIzMDAwMDAwJTNCJTIyJTNFJTIwMjk5JTIwY20zJTBBJTNDJTJGc3BhbiUzRSUzQyUyRnRkJTNFJTBBJTNDJTJGdHIlM0UlMEElM0N0ciUyMHN0eWxlJTNEJTIyaGVpZ2h0JTNBJTIwMjRweCUzQiUyMiUzRSUwQSUzQ3RkJTIwc3R5bGUlM0QlMjJ3aWR0aCUzQSUyMDM3OHB4JTNCJTIwaGVpZ2h0JTNBJTIwMjRweCUzQiUyMGJvcmRlci1jb2xvciUzQSUyMCUyM2ZmZmZmZiUzQiUyMHBhZGRpbmctbGVmdCUzQSUyMDMwcHglM0IlMjIlM0UlM0NzcGFuJTIwc3R5bGUlM0QlMjJjb2xvciUzQSUyMCUyMzAwMDAwMCUzQiUyMiUzRSUyMFJvZHphaiUyMHNpbG5pa2ElMEElM0MlMkZzcGFuJTNFJTNDJTJGdGQlM0UlMEElM0N0ZCUyMHN0eWxlJTNEJTIyd2lkdGglM0ElMjA0MzkuMTMzcHglM0IlMjBoZWlnaHQlM0ElMjAyNHB4JTNCJTIwYm9yZGVyLWNvbG9yJTNBJTIwJTIzZmZmZmZmJTNCJTIyJTNFJTNDc3BhbiUyMHN0eWxlJTNEJTIyY29sb3IlM0ElMjAlMjMwMDAwMDAlM0IlMjIlM0UlMjBDenRlcm9zdXdvd3klMkMlMjBKZWRub2N5bGluZHJvd3klMkMlMjBDaCVDNSU4Mm9kem9ueSUyMGNpZWN6JUM0JTg1JTNDJTJGc3BhbiUzRSUzQyUyRnRkJTNFJTBBJTNDJTJGdHIlM0UlMEElM0N0ciUyMHN0eWxlJTNEJTIyaGVpZ2h0JTNBJTIwMjRweCUzQiUyMGJhY2tncm91bmQtY29sb3IlM0ElMjAlMjNlYWVhZWElM0IlMjIlM0UlMEElM0N0ZCUyMHN0eWxlJTNEJTIyd2lkdGglM0ElMjAzNzhweCUzQiUyMGhlaWdodCUzQSUyMDI0cHglM0IlMjBib3JkZXItY29sb3IlM0ElMjAlMjNmZmZmZmYlM0IlMjBwYWRkaW5nLWxlZnQlM0ElMjAzMHB4JTNCJTIyJTNFJTNDc3BhbiUyMHN0eWxlJTNEJTIyY29sb3IlM0ElMjAlMjMwMDAwMDAlM0IlMjIlM0UlMjBaYXAlQzUlODJvbiUwQSUzQyUyRnNwYW4lM0UlM0MlMkZ0ZCUzRSUwQSUzQ3RkJTIwc3R5bGUlM0QlMjJ3aWR0aCUzQSUyMDQzOS4xMzNweCUzQiUyMGhlaWdodCUzQSUyMDI0cHglM0IlMjBib3JkZXItY29sb3IlM0ElMjAlMjNmZmZmZmYlM0IlMjIlM0UlM0NzcGFuJTIwc3R5bGUlM0QlMjJjb2xvciUzQSUyMCUyMzAwMDAwMCUzQiUyMiUzRSUyMEVsZWt0cm9uaWN6bnklM0MlMkZzcGFuJTNFJTNDJTJGdGQlM0UlMEElM0MlMkZ0ciUzRSUwQSUzQ3RyJTIwc3R5bGUlM0QlMjJoZWlnaHQlM0ElMjAyNHB4JTNCJTIyJTNFJTBBJTNDdGQlMjBzdHlsZSUzRCUyMndpZHRoJTNBJTIwMzc4cHglM0IlMjBoZWlnaHQlM0ElMjAyNHB4JTNCJTIwYm9yZGVyLWNvbG9yJTNBJTIwJTIzZmZmZmZmJTNCJTIwcGFkZGluZy1sZWZ0JTNBJTIwMzBweCUzQiUyMiUzRSUzQ3NwYW4lMjBzdHlsZSUzRCUyMmNvbG9yJTNBJTIwJTIzMDAwMDAwJTNCJTIyJTNFJTIwU3RhcnRlciUzQyUyRnNwYW4lM0UlM0MlMkZ0ZCUzRSUwQSUzQ3RkJTIwc3R5bGUlM0QlMjJ3aWR0aCUzQSUyMDQzOS4xMzNweCUzQiUyMGhlaWdodCUzQSUyMDI0cHglM0IlMjBib3JkZXItY29sb3IlM0ElMjAlMjNmZmZmZmYlM0IlMjIlM0UlM0NzcGFuJTIwc3R5bGUlM0QlMjJjb2xvciUzQSUyMCUyMzAwMDAwMCUzQiUyMiUzRSUyME5vJUM1JUJDbnklM0MlMkZzcGFuJTNFJTNDJTJGdGQlM0UlMEElM0MlMkZ0ciUzRSUwQSUzQyUyRnRib2R5JTNFJTBBJTNDJTJGdGFibGUlM0UlMEElM0N0YWJsZSUyMHN0eWxlJTNEJTIyaGVpZ2h0JTNBJTIwMTY4cHglM0IlMjB3aWR0aCUzQSUyMDU1N3B4JTNCJTIyJTIwYm9yZGVyJTNEJTIyMCUyMiUyMGNlbGxzcGFjaW5nJTNEJTIyMCUyMiUyMGNlbGxwYWRkaW5nJTNEJTIyMCUyMiUzRSUwQSUzQ3Rib2R5JTNFJTBBJTNDdHIlMjBzdHlsZSUzRCUyMmJhY2tncm91bmQtY29sb3IlM0ElMjAlMjNhYjJlMmUlM0IlMjBoZWlnaHQlM0ElMjAyNC4ycHglM0IlMjBib3JkZXItY29sb3IlM0ElMjAlMjNmZmZmZmYlM0IlMjIlM0UlMEElM0N0aCUyMHN0eWxlJTNEJTIyd2lkdGglM0ElMjA1NTMuNDY3cHglM0IlMjBoZWlnaHQlM0ElMjAyNC4ycHglM0IlMjBib3JkZXItY29sb3IlM0ElMjAlMjNmZmZmZmYlM0IlMjBiYWNrZ3JvdW5kLWNvbG9yJTNBJTIwJTIzZmZmZmZmJTNCJTIwdGV4dC1hbGlnbiUzQSUyMGxlZnQlM0IlMjIlMjBjb2xzcGFuJTNEJTIyMiUyMiUzRSUzQ3N0cm9uZyUzRSUzQ3NwYW4lMjBzdHlsZSUzRCUyMmNvbG9yJTNBJTIwJTIzMDAwMDAwJTNCJTIyJTNFJTNDc3BhbiUyMHN0eWxlJTNEJTIyZm9udC1zaXplJTNBJTIwMTRwdCUzQiUyMiUzRU5BUCVDNCU5OEQlM0MlMkZzcGFuJTNFJTBBJTNDJTJGc3BhbiUzRSUzQyUyRnN0cm9uZyUzRSUzQyUyRnRoJTNFJTBBJTNDJTJGdHIlM0UlMEElM0N0ciUyMHN0eWxlJTNEJTIyaGVpZ2h0JTNBJTIwMjRweCUzQiUyMiUzRSUwQSUzQ3RkJTIwc3R5bGUlM0QlMjJ3aWR0aCUzQSUyMDI0Mi42cHglM0IlMjBoZWlnaHQlM0ElMjAyNHB4JTNCJTIwYm9yZGVyLWNvbG9yJTNBJTIwJTIzZmZmZmZmJTNCJTIwcGFkZGluZy1sZWZ0JTNBJTIwMzBweCUzQiUyMiUzRSUzQ3NwYW4lMjBzdHlsZSUzRCUyMmNvbG9yJTNBJTIwJTIzMDAwMDAwJTNCJTIyJTNFU3ByeiVDNCU5OWclQzUlODJvJTNDJTJGc3BhbiUzRSUzQyUyRnRkJTNFJTBBJTNDdGQlMjBzdHlsZSUzRCUyMndpZHRoJTNBJTIwMjc5LjFweCUzQiUyMGhlaWdodCUzQSUyMDI0cHglM0IlMjBib3JkZXItY29sb3IlM0ElMjAlMjNmZmZmZmYlM0IlMjIlM0UlM0NzcGFuJTIwc3R5bGUlM0QlMjJjb2xvciUzQSUyMCUyMzAwMDAwMCUzQiUyMiUzRVdpZWxvdGFyY3pvd2UlMjBtb2tyZSUyQyUyMGh5ZHJhdWxpY3puZSUzQyUyRnNwYW4lM0UlM0MlMkZ0ZCUzRSUwQSUzQyUyRnRyJTNFJTBBJTNDdHIlMjBzdHlsZSUzRCUyMmJhY2tncm91bmQtY29sb3IlM0ElMjAlMjNlYWVhZWElM0IlMjBoZWlnaHQlM0ElMjAyNHB4JTNCJTIyJTNFJTBBJTNDdGQlMjBzdHlsZSUzRCUyMndpZHRoJTNBJTIwMjQyLjZweCUzQiUyMGhlaWdodCUzQSUyMDI0cHglM0IlMjBib3JkZXItY29sb3IlM0ElMjAlMjNmZmZmZmYlM0IlMjBwYWRkaW5nLWxlZnQlM0ElMjAzMHB4JTNCJTIyJTNFJTNDc3BhbiUyMHN0eWxlJTNEJTIyY29sb3IlM0ElMjAlMjMwMDAwMDAlM0IlMjIlM0VQcnplbmllc2llbmllJTIwbmFwJUM0JTk5ZHUlMEElM0MlMkZzcGFuJTNFJTNDJTJGdGQlM0UlMEElM0N0ZCUyMHN0eWxlJTNEJTIyd2lkdGglM0ElMjAyNzkuMXB4JTNCJTIwaGVpZ2h0JTNBJTIwMjRweCUzQiUyMGJvcmRlci1jb2xvciUzQSUyMCUyM2ZmZmZmZiUzQiUyMiUzRSUzQ3NwYW4lMjBzdHlsZSUzRCUyMmNvbG9yJTNBJTIwJTIzMDAwMDAwJTNCJTIyJTNFJUM1JTgxYSVDNSU4NGN1Y2glMjAlMjM1MjAlMEElM0MlMkZzcGFuJTNFJTNDJTJGdGQlM0UlMEElM0MlMkZ0ciUzRSUwQSUzQ3RyJTIwc3R5bGUlM0QlMjJoZWlnaHQlM0ElMjAyNHB4JTNCJTIyJTNFJTBBJTNDdGQlMjBzdHlsZSUzRCUyMndpZHRoJTNBJTIwMjQyLjZweCUzQiUyMGhlaWdodCUzQSUyMDI0cHglM0IlMjBib3JkZXItY29sb3IlM0ElMjAlMjNmZmZmZmYlM0IlMjBwYWRkaW5nLWxlZnQlM0ElMjAzMHB4JTNCJTIyJTNFJTNDc3BhbiUyMHN0eWxlJTNEJTIyY29sb3IlM0ElMjAlMjMwMDAwMDAlM0IlMjIlM0VTa3J6eW5pYSUyMGJpZWclQzMlQjN3JTBBJTNDJTJGc3BhbiUzRSUzQyUyRnRkJTNFJTBBJTNDdGQlMjBzdHlsZSUzRCUyMndpZHRoJTNBJTIwMjc5LjFweCUzQiUyMGhlaWdodCUzQSUyMDI0cHglM0IlMjBib3JkZXItY29sb3IlM0ElMjAlMjNmZmZmZmYlM0IlMjIlM0UlM0NzcGFuJTIwc3R5bGUlM0QlMjJjb2xvciUzQSUyMCUyMzAwMDAwMCUzQiUyMiUzRSUyMDUlMjBwcnplJUM1JTgybyVDNSVCQ2UlQzUlODQlMEElM0MlMkZzcGFuJTNFJTNDJTJGdGQlM0UlMEElM0MlMkZ0ciUzRSUwQSUzQyUyRnRib2R5JTNFJTBBJTNDJTJGdGFibGUlM0UlMEElM0N0YWJsZSUyMHN0eWxlJTNEJTIyaGVpZ2h0JTNBJTIwMjY5cHglM0IlMjB3aWR0aCUzQSUyMDU1OC4xMzNweCUzQiUyMiUyMGJvcmRlciUzRCUyMjAlMjIlMjBjZWxsc3BhY2luZyUzRCUyMjAlMjIlMjBjZWxscGFkZGluZyUzRCUyMjAlMjIlM0UlMEElM0N0Ym9keSUzRSUwQSUzQ3RyJTIwc3R5bGUlM0QlMjJiYWNrZ3JvdW5kLWNvbG9yJTNBJTIwJTIzYWIyZTJlJTNCJTIwaGVpZ2h0JTNBJTIwMjRweCUzQiUyMGJvcmRlci1jb2xvciUzQSUyMCUyM2ZmZmZmZiUzQiUyMiUzRSUwQSUzQ3RoJTIwc3R5bGUlM0QlMjJ3aWR0aCUzQSUyMDgxNy4xMzNweCUzQiUyMGhlaWdodCUzQSUyMDI0cHglM0IlMjBib3JkZXItY29sb3IlM0ElMjAlMjNmZmZmZmYlM0IlMjBiYWNrZ3JvdW5kLWNvbG9yJTNBJTIwJTIzZmZmZmZmJTNCJTIwdGV4dC1hbGlnbiUzQSUyMGxlZnQlM0IlMjIlMjBjb2xzcGFuJTNEJTIyMiUyMiUzRSUzQ3N0cm9uZyUzRSUzQ3NwYW4lMjBzdHlsZSUzRCUyMmNvbG9yJTNBJTIwJTIzMDAwMDAwJTNCJTIyJTNFJTNDc3BhbiUyMHN0eWxlJTNEJTIyZm9udC1zaXplJTNBJTIwMTRwdCUzQiUyMiUzRVpBV0lFU1pFTklFJTNDJTJGc3BhbiUzRSUwQSUzQyUyRnNwYW4lM0UlM0MlMkZzdHJvbmclM0UlM0MlMkZ0aCUzRSUwQSUzQyUyRnRyJTNFJTBBJTNDdHIlMjBzdHlsZSUzRCUyMmhlaWdodCUzQSUyMDI0cHglM0IlMjIlM0UlMEElM0N0ZCUyMHN0eWxlJTNEJTIyd2lkdGglM0ElMjAzNzhweCUzQiUyMGhlaWdodCUzQSUyMDI0cHglM0IlMjBib3JkZXItY29sb3IlM0ElMjAlMjNmZmZmZmYlM0IlMjBwYWRkaW5nLWxlZnQlM0ElMjAzMHB4JTNCJTIyJTNFJTNDc3BhbiUyMHN0eWxlJTNEJTIyY29sb3IlM0ElMjAlMjMwMDAwMDAlM0IlMjIlM0VQcnolQzMlQjNkJTNDJTJGc3BhbiUzRSUzQyUyRnRkJTNFJTBBJTNDdGQlMjBzdHlsZSUzRCUyMndpZHRoJTNBJTIwNDM5LjEzM3B4JTNCJTIwaGVpZ2h0JTNBJTIwMjRweCUzQiUyMGJvcmRlci1jb2xvciUzQSUyMCUyM2ZmZmZmZiUzQiUyMiUzRSUzQ3NwYW4lMjBzdHlsZSUzRCUyMmNvbG9yJTNBJTIwJTIzMDAwMDAwJTNCJTIyJTNFMzltbSUyMFNIT1dBJTJDJTIwc2tvayUyMDE2N21tJTBBJTNDJTJGc3BhbiUzRSUzQyUyRnRkJTNFJTBBJTNDJTJGdHIlM0UlMEElM0N0ciUyMHN0eWxlJTNEJTIyYmFja2dyb3VuZC1jb2xvciUzQSUyMCUyM2VhZWFlYSUzQiUyMGhlaWdodCUzQSUyMDI0cHglM0IlMjIlM0UlMEElM0N0ZCUyMHN0eWxlJTNEJTIyd2lkdGglM0ElMjAzNzhweCUzQiUyMGhlaWdodCUzQSUyMDI0cHglM0IlMjBib3JkZXItY29sb3IlM0ElMjAlMjNmZmZmZmYlM0IlMjBwYWRkaW5nLWxlZnQlM0ElMjAzMHB4JTNCJTIyJTNFJTNDc3BhbiUyMHN0eWxlJTNEJTIyY29sb3IlM0ElMjAlMjMwMDAwMDAlM0IlMjIlM0VUeSVDNSU4MiUzQyUyRnNwYW4lM0UlM0MlMkZ0ZCUzRSUwQSUzQ3RkJTIwc3R5bGUlM0QlMjJ3aWR0aCUzQSUyMDQzOS4xMzNweCUzQiUyMGhlaWdodCUzQSUyMDI0cHglM0IlMjBib3JkZXItY29sb3IlM0ElMjAlMjNmZmZmZmYlM0IlMjIlM0UlM0NzcGFuJTIwc3R5bGUlM0QlMjJjb2xvciUzQSUyMCUyMzAwMDAwMCUzQiUyMiUzRVByby1MaW5rJTIwc3lzdGVtJTIwU0hPV0ElMkMlMjBza29rJTIwMTcwbW0lMEElM0MlMkZzcGFuJTNFJTNDJTJGdGQlM0UlMEElM0MlMkZ0ciUzRSUwQSUzQ3RyJTIwc3R5bGUlM0QlMjJoZWlnaHQlM0ElMjAyNC45NXB4JTNCJTIyJTNFJTBBJTNDdGQlMjBzdHlsZSUzRCUyMndpZHRoJTNBJTIwMzc4cHglM0IlMjBoZWlnaHQlM0ElMjAyNC45NXB4JTNCJTIwYm9yZGVyLWNvbG9yJTNBJTIwJTIzZmZmZmZmJTNCJTIwcGFkZGluZy1sZWZ0JTNBJTIwMzBweCUzQiUyMiUzRSUzQ3NwYW4lMjBzdHlsZSUzRCUyMmNvbG9yJTNBJTIwJTIzMDAwMDAwJTNCJTIyJTNFSGFtdWxlYyUyMHByeiVDMyVCM2QlMEElM0MlMkZzcGFuJTNFJTNDJTJGdGQlM0UlMEElM0N0ZCUyMHN0eWxlJTNEJTIyd2lkdGglM0ElMjA0MzkuMTMzcHglM0IlMjBoZWlnaHQlM0ElMjAyNC45NXB4JTNCJTIwYm9yZGVyLWNvbG9yJTNBJTIwJTIzZmZmZmZmJTNCJTIyJTNFJTNDc3BhbiUyMHN0eWxlJTNEJTIyY29sb3IlM0ElMjAlMjMwMDAwMDAlM0IlMjIlM0UlMjB0YXJjemElMjAxODVtbSUyQyUyMHphY2lzayUyMDQtdCVDNSU4Mm9jemtvd3klMEElM0MlMkZzcGFuJTNFJTNDJTJGdGQlM0UlMEElM0MlMkZ0ciUzRSUwQSUzQ3RyJTIwc3R5bGUlM0QlMjJoZWlnaHQlM0ElMjAyNHB4JTNCJTIwYmFja2dyb3VuZC1jb2xvciUzQSUyMCUyM2VhZWFlYSUzQiUyMiUzRSUwQSUzQ3RkJTIwc3R5bGUlM0QlMjJ3aWR0aCUzQSUyMDM3OHB4JTNCJTIwaGVpZ2h0JTNBJTIwMjRweCUzQiUyMGJvcmRlci1jb2xvciUzQSUyMCUyM2ZmZmZmZiUzQiUyMHBhZGRpbmctbGVmdCUzQSUyMDMwcHglM0IlMjIlM0UlM0NzcGFuJTIwc3R5bGUlM0QlMjJjb2xvciUzQSUyMCUyMzAwMDAwMCUzQiUyMiUzRUhhbXVsZWMlMjB0eSVDNSU4MiUzQyUyRnNwYW4lM0UlM0MlMkZ0ZCUzRSUwQSUzQ3RkJTIwc3R5bGUlM0QlMjJ3aWR0aCUzQSUyMDQzOS4xMzNweCUzQiUyMGhlaWdodCUzQSUyMDI0cHglM0IlMjBib3JkZXItY29sb3IlM0ElMjAlMjNmZmZmZmYlM0IlMjIlM0UlM0NzcGFuJTIwc3R5bGUlM0QlMjJjb2xvciUzQSUyMCUyMzAwMDAwMCUzQiUyMiUzRSUyMHRhcmN6YSUyMDE1MG1tJTJDJTIwemFjaXNrJTIwMi10JUM1JTgyb2N6a293eSUwQSUzQyUyRnNwYW4lM0UlM0MlMkZ0ZCUzRSUwQSUzQyUyRnRyJTNFJTBBJTNDdHIlMjBzdHlsZSUzRCUyMmhlaWdodCUzQSUyMDI0cHglM0IlMjIlM0UlMEElM0N0ZCUyMHN0eWxlJTNEJTIyd2lkdGglM0ElMjAzNzhweCUzQiUyMGhlaWdodCUzQSUyMDI0cHglM0IlMjBib3JkZXItY29sb3IlM0ElMjAlMjNmZmZmZmYlM0IlMjBwYWRkaW5nLWxlZnQlM0ElMjAzMHB4JTNCJTIyJTNFJTNDc3BhbiUyMHN0eWxlJTNEJTIyY29sb3IlM0ElMjAlMjMwMDAwMDAlM0IlMjIlM0VLbyVDNSU4Mm8lMjBwcnolQzMlQjNkJTBBJTNDJTJGc3BhbiUzRSUzQyUyRnRkJTNFJTBBJTNDdGQlMjBzdHlsZSUzRCUyMndpZHRoJTNBJTIwNDM5LjEzM3B4JTNCJTIwaGVpZ2h0JTNBJTIwMjRweCUzQiUyMGJvcmRlci1jb2xvciUzQSUyMCUyM2ZmZmZmZiUzQiUyMiUzRSUzQ3NwYW4lMjBzdHlsZSUzRCUyMmNvbG9yJTNBJTIwJTIzMDAwMDAwJTNCJTIyJTNFODAlMkYxMDAlMjAyMSUyMCUyOE1pY2hlbGluJTJGRHVubG9wJTI5JTJDJTIwMjElMjAlQzMlOTclMjAxLjYwJTNDJTJGc3BhbiUzRSUzQyUyRnRkJTNFJTBBJTNDJTJGdHIlM0UlMEElM0N0ciUyMHN0eWxlJTNEJTIyaGVpZ2h0JTNBJTIwMjRweCUzQiUyMGJhY2tncm91bmQtY29sb3IlM0ElMjAlMjNlYWVhZWElM0IlMjIlM0UlMEElM0N0ZCUyMHN0eWxlJTNEJTIyd2lkdGglM0ElMjAzNzhweCUzQiUyMGhlaWdodCUzQSUyMDI0cHglM0IlMjBib3JkZXItY29sb3IlM0ElMjAlMjNmZmZmZmYlM0IlMjBwYWRkaW5nLWxlZnQlM0ElMjAzMHB4JTNCJTIyJTNFJTNDc3BhbiUyMHN0eWxlJTNEJTIyY29sb3IlM0ElMjAlMjMwMDAwMDAlM0IlMjIlM0VLbyVDNSU4Mm8lMjB0eSVDNSU4MiUwQSUzQyUyRnNwYW4lM0UlM0MlMkZ0ZCUzRSUwQSUzQ3RkJTIwc3R5bGUlM0QlMjJ3aWR0aCUzQSUyMDQzOS4xMzNweCUzQiUyMGhlaWdodCUzQSUyMDI0cHglM0IlMjBib3JkZXItY29sb3IlM0ElMjAlMjNmZmZmZmYlM0IlMjIlM0UlM0NzcGFuJTIwc3R5bGUlM0QlMjJjb2xvciUzQSUyMCUyMzAwMDAwMCUzQiUyMiUzRSUyMDEyMCUyRjEwMCUyMFIxOCUyMCUyOE1pY2hlbGluJTJGRHVubG9wJTI5JTJDJTIwMTglMjAlQzMlOTclMjAyLjE1JTBBJTNDJTJGc3BhbiUzRSUzQyUyRnRkJTNFJTBBJTNDJTJGdHIlM0UlMEElM0MlMkZ0Ym9keSUzRSUwQSUzQyUyRnRhYmxlJTNFJTBBJTNDdGFibGUlMjBzdHlsZSUzRCUyMmhlaWdodCUzQSUyMDI2OXB4JTNCJTIwd2lkdGglM0ElMjA1NTguMTMzcHglM0IlMjIlMjBib3JkZXIlM0QlMjIwJTIyJTIwY2VsbHNwYWNpbmclM0QlMjIwJTIyJTIwY2VsbHBhZGRpbmclM0QlMjIwJTIyJTNFJTBBJTNDdGJvZHklM0UlMEElM0N0ciUyMHN0eWxlJTNEJTIyYmFja2dyb3VuZC1jb2xvciUzQSUyMCUyM2FiMmUyZSUzQiUyMGhlaWdodCUzQSUyMDI0cHglM0IlMjBib3JkZXItY29sb3IlM0ElMjAlMjNmZmZmZmYlM0IlMjIlM0UlMEElM0N0aCUyMHN0eWxlJTNEJTIyd2lkdGglM0ElMjA4MTcuMTMzcHglM0IlMjBoZWlnaHQlM0ElMjAyNHB4JTNCJTIwYm9yZGVyLWNvbG9yJTNBJTIwJTIzZmZmZmZmJTNCJTIwYmFja2dyb3VuZC1jb2xvciUzQSUyMCUyM2ZmZmZmZiUzQiUyMHRleHQtYWxpZ24lM0ElMjBsZWZ0JTNCJTIyJTIwY29sc3BhbiUzRCUyMjIlMjIlM0UlM0NzdHJvbmclM0UlM0NzcGFuJTIwc3R5bGUlM0QlMjJjb2xvciUzQSUyMCUyMzAwMDAwMCUzQiUyMiUzRSUzQ3NwYW4lMjBzdHlsZSUzRCUyMmZvbnQtc2l6ZSUzQSUyMDE0cHQlM0IlMjIlM0VXWU1JQVJZJTNDJTJGc3BhbiUzRSUwQSUzQyUyRnNwYW4lM0UlM0MlMkZzdHJvbmclM0UlM0MlMkZ0aCUzRSUwQSUzQyUyRnRyJTNFJTBBJTNDdHIlMjBzdHlsZSUzRCUyMmhlaWdodCUzQSUyMDI0cHglM0IlMjIlM0UlMEElM0N0ZCUyMHN0eWxlJTNEJTIyd2lkdGglM0ElMjAzNzhweCUzQiUyMGhlaWdodCUzQSUyMDI0cHglM0IlMjBib3JkZXItY29sb3IlM0ElMjAlMjNmZmZmZmYlM0IlMjBwYWRkaW5nLWxlZnQlM0ElMjAzMHB4JTNCJTIyJTNFJTNDc3BhbiUyMHN0eWxlJTNEJTIyY29sb3IlM0ElMjAlMjMwMDAwMDAlM0IlMjIlM0VEJUM1JTgydWdvJUM1JTlCJUM0JTg3JTIweCUyMFN6ZXJva28lQzUlOUIlQzQlODclMjB4JTIwV3lzb2tvJUM1JTlCJUM0JTg3JTIwJTI4bW0lMjklMEElM0MlMkZzcGFuJTNFJTNDJTJGdGQlM0UlMEElM0N0ZCUyMHN0eWxlJTNEJTIyd2lkdGglM0ElMjA0MzkuMTMzcHglM0IlMjBoZWlnaHQlM0ElMjAyNHB4JTNCJTIwYm9yZGVyLWNvbG9yJTNBJTIwJTIzZmZmZmZmJTNCJTIyJTNFJTNDc3BhbiUyMHN0eWxlJTNEJTIyY29sb3IlM0ElMjAlMjMwMDAwMDAlM0IlMjIlM0UyJTJDMDE2JTIweCUyMDgzMCUyMHglMjAxJTJDMTMwJTNDJTJGc3BhbiUzRSUzQyUyRnRkJTNFJTBBJTNDJTJGdHIlM0UlMEElM0N0ciUyMHN0eWxlJTNEJTIyYmFja2dyb3VuZC1jb2xvciUzQSUyMCUyM2VhZWFlYSUzQiUyMGhlaWdodCUzQSUyMDI0cHglM0IlMjIlM0UlMEElM0N0ZCUyMHN0eWxlJTNEJTIyd2lkdGglM0ElMjAzNzhweCUzQiUyMGhlaWdodCUzQSUyMDI0cHglM0IlMjBib3JkZXItY29sb3IlM0ElMjAlMjNmZmZmZmYlM0IlMjBwYWRkaW5nLWxlZnQlM0ElMjAzMHB4JTNCJTIyJTNFJTNDc3BhbiUyMHN0eWxlJTNEJTIyY29sb3IlM0ElMjAlMjMwMDAwMDAlM0IlMjIlM0VaYmlvcm5payUyMFBhbGl3YSUwQSUzQyUyRnNwYW4lM0UlM0MlMkZ0ZCUzRSUwQSUzQ3RkJTIwc3R5bGUlM0QlMjJ3aWR0aCUzQSUyMDQzOS4xMzNweCUzQiUyMGhlaWdodCUzQSUyMDI0cHglM0IlMjBib3JkZXItY29sb3IlM0ElMjAlMjNmZmZmZmYlM0IlMjIlM0UlM0NzcGFuJTIwc3R5bGUlM0QlMjJjb2xvciUzQSUyMCUyMzAwMDAwMCUzQiUyMiUzRTIuMSUyMGxpdHJhJTBBJTNDJTJGc3BhbiUzRSUzQyUyRnRkJTNFJTBBJTNDJTJGdHIlM0UlMEElM0N0ciUyMHN0eWxlJTNEJTIyaGVpZ2h0JTNBJTIwMjQuOTVweCUzQiUyMiUzRSUwQSUzQ3RkJTIwc3R5bGUlM0QlMjJ3aWR0aCUzQSUyMDM3OHB4JTNCJTIwaGVpZ2h0JTNBJTIwMjQuOTVweCUzQiUyMGJvcmRlci1jb2xvciUzQSUyMCUyM2ZmZmZmZiUzQiUyMHBhZGRpbmctbGVmdCUzQSUyMDMwcHglM0IlMjIlM0UlM0NzcGFuJTIwc3R5bGUlM0QlMjJjb2xvciUzQSUyMCUyMzAwMDAwMCUzQiUyMiUzRVByemUlQzUlOUJ3aXQlMEElM0MlMkZzcGFuJTNFJTNDJTJGdGQlM0UlMEElM0N0ZCUyMHN0eWxlJTNEJTIyd2lkdGglM0ElMjA0MzkuMTMzcHglM0IlMjBoZWlnaHQlM0ElMjAyNC45NXB4JTNCJTIwYm9yZGVyLWNvbG9yJTNBJTIwJTIzZmZmZmZmJTNCJTIyJTNFJTNDc3BhbiUyMHN0eWxlJTNEJTIyY29sb3IlM0ElMjAlMjMwMDAwMDAlM0IlMjIlM0UzMzUlMjBtbSUwQSUzQyUyRnNwYW4lM0UlM0MlMkZ0ZCUzRSUwQSUzQyUyRnRyJTNFJTBBJTNDdHIlMjBzdHlsZSUzRCUyMmhlaWdodCUzQSUyMDI0cHglM0IlMjBiYWNrZ3JvdW5kLWNvbG9yJTNBJTIwJTIzZWFlYWVhJTNCJTIyJTNFJTBBJTNDdGQlMjBzdHlsZSUzRCUyMndpZHRoJTNBJTIwMzc4cHglM0IlMjBoZWlnaHQlM0ElMjAyNHB4JTNCJTIwYm9yZGVyLWNvbG9yJTNBJTIwJTIzZmZmZmZmJTNCJTIwcGFkZGluZy1sZWZ0JTNBJTIwMzBweCUzQiUyMiUzRSUzQ3NwYW4lMjBzdHlsZSUzRCUyMmNvbG9yJTNBJTIwJTIzMDAwMDAwJTNCJTIyJTNFV3lzb2tvJUM1JTlCJUM0JTg3JTIwc2llZHplbmlhJTBBJTNDJTJGc3BhbiUzRSUzQyUyRnRkJTNFJTBBJTNDdGQlMjBzdHlsZSUzRCUyMndpZHRoJTNBJTIwNDM5LjEzM3B4JTNCJTIwaGVpZ2h0JTNBJTIwMjRweCUzQiUyMGJvcmRlci1jb2xvciUzQSUyMCUyM2ZmZmZmZiUzQiUyMiUzRSUzQ3NwYW4lMjBzdHlsZSUzRCUyMmNvbG9yJTNBJTIwJTIzMDAwMDAwJTNCJTIyJTNFJTIwNjY1JTIwbW0lMEElM0MlMkZzcGFuJTNFJTNDJTJGdGQlM0UlMEElM0MlMkZ0ciUzRSUwQSUzQ3RyJTIwc3R5bGUlM0QlMjJoZWlnaHQlM0ElMjAyNHB4JTNCJTIyJTNFJTBBJTNDdGQlMjBzdHlsZSUzRCUyMndpZHRoJTNBJTIwMzc4cHglM0IlMjBoZWlnaHQlM0ElMjAyNHB4JTNCJTIwYm9yZGVyLWNvbG9yJTNBJTIwJTIzZmZmZmZmJTNCJTIwcGFkZGluZy1sZWZ0JTNBJTIwMzBweCUzQiUyMiUzRSUzQ3NwYW4lMjBzdHlsZSUzRCUyMmNvbG9yJTNBJTIwJTIzMDAwMDAwJTNCJTIyJTNFUm96c3RhdyUyMG9zaSUwQSUzQyUyRnNwYW4lM0UlM0MlMkZ0ZCUzRSUwQSUzQ3RkJTIwc3R5bGUlM0QlMjJ3aWR0aCUzQSUyMDQzOS4xMzNweCUzQiUyMGhlaWdodCUzQSUyMDI0cHglM0IlMjBib3JkZXItY29sb3IlM0ElMjAlMjNmZmZmZmYlM0IlMjIlM0UlM0NzcGFuJTIwc3R5bGUlM0QlMjJjb2xvciUzQSUyMCUyMzAwMDAwMCUzQiUyMiUzRTEzMjElMjBtbSUwQSUzQyUyRnNwYW4lM0UlM0MlMkZ0ZCUzRSUwQSUzQyUyRnRyJTNFJTBBJTNDJTJGdGJvZHklM0UlMEElM0MlMkZ0YWJsZSUzRQ==[\/vc_raw_html][\/vc_column][vc_column width=&#8221;1\/2&#8243;][vc_gallery type=&#8221;flexslider_slide&#8221; interval=&#8221;3&#8243; images=&#8221;5513,5514,5515&#8243; img_size=&#8221;700&#215;600&#8243; onclick=&#8221;&#8221;][vc_separator][vc_single_image image=&#8221;5364&#8243; img_size=&#8221;547&#215;450&#8243;][vc_separator][\/vc_column][\/vc_row]<\/p>\n<\/section>","protected":false},"excerpt":{"rendered":"<p>[vc_row][vc_column width=&#8221;2\/3&#8243;][vc_single_image image=&#8221;5516&#8243; img_size=&#8221;1024&#215;700&#8243;][\/vc_column][vc_column width=&#8221;1\/3&#8243;][vc_custom_heading text=&#8221;MONTESA REPSOL 301RR 2024&#8243; font_container=&#8221;tag:h2|font_size:45px|text_align:left|color:%23ef561f&#8221; google_fonts=&#8221;font_family:Advent%20Pro%3A100%2C200%2C300%2Cregular%2C500%2C600%2C700|font_style:600%20bold%20regular%3A600%3Anormal&#8221;][vc_column_text] To co najlepsze [\/vc_column_text][vc_column_text] Motocykl jest replik\u0105 motocykla na kt\u00f3rym startuje mistrz \u015bwiata Toni Bou. Posiada on identyczne malowanie, najwy\u017cszej klasy amortyzatory marki Showa kt\u00f3re bij\u0105 na g\u0142ow\u0119 pod wzgl\u0119dem pracy jak i komfortu amortyzatory w konkurencyjnych motocyklach. Motocykle posiada tak\u017ce ko\u0142a wysokiej jako\u015bci&#8230;<\/p>\n<p class=\"more-link\"><a href=\"https:\/\/montesa-honda.pl\/?page_id=66\"><span>Read More<\/span><i>&#43;<\/i><\/a><\/p>\n","protected":false},"author":1,"featured_media":0,"parent":0,"menu_order":0,"comment_status":"closed","ping_status":"closed","template":"","meta":{"footnotes":"","_links_to":"","_links_to_target":""},"class_list":["post-66","page","type-page","status-publish","hentry"],"_links":{"self":[{"href":"https:\/\/montesa-honda.pl\/index.php?rest_route=\/wp\/v2\/pages\/66"}],"collection":[{"href":"https:\/\/montesa-honda.pl\/index.php?rest_route=\/wp\/v2\/pages"}],"about":[{"href":"https:\/\/montesa-honda.pl\/index.php?rest_route=\/wp\/v2\/types\/page"}],"author":[{"embeddable":true,"href":"https:\/\/montesa-honda.pl\/index.php?rest_route=\/wp\/v2\/users\/1"}],"replies":[{"embeddable":true,"href":"https:\/\/montesa-honda.pl\/index.php?rest_route=%2Fwp%2Fv2%2Fcomments&post=66"}],"version-history":[{"count":22,"href":"https:\/\/montesa-honda.pl\/index.php?rest_route=\/wp\/v2\/pages\/66\/revisions"}],"predecessor-version":[{"id":5533,"href":"https:\/\/montesa-honda.pl\/index.php?rest_route=\/wp\/v2\/pages\/66\/revisions\/5533"}],"wp:attachment":[{"href":"https:\/\/montesa-honda.pl\/index.php?rest_route=%2Fwp%2Fv2%2Fmedia&parent=66"}],"curies":[{"name":"wp","href":"https:\/\/api.w.org\/{rel}","templated":true}]}}